{"id":3422,"date":"2021-02-26T13:01:08","date_gmt":"2021-02-26T13:01:08","guid":{"rendered":"https:\/\/lerkilsbatvarv.se\/?post_type=product&#038;p=3422"},"modified":"2021-03-12T11:08:35","modified_gmt":"2021-03-12T11:08:35","slug":"quicksilver-activ-605-sundeck","status":"publish","type":"product","link":"https:\/\/lerkilsbatvarv.se\/en\/product\/quicksilver-activ-605-sundeck\/","title":{"rendered":"Quicksilver Activ 605 Sundeck"},"content":{"rendered":"<h2>Quicksilver Activ 605 Sundeck<\/h2>\n<p>Sola med stil<\/p>\n<p>Activ 605 Sundeck lever l\u00e4tt upp till sitt namn. \u00c5k ut p\u00e5 sj\u00f6n f\u00f6r en verkligt h\u00e4rlig stund i solen f\u00f6r upp till sju personer. Den erbjuder en perfekt avv\u00e4gning mellan sold\u00e4ckets storlek och kabinkomforten eftersom den b\u00e5de har ett rymligt sold\u00e4ck och bra kabinh\u00f6jd. Obehindrad v\u00e4g fr\u00e5n den breda badplattformen via det \u00f6ppningsbara ryggst\u00f6det ger b\u00e4sta tilltr\u00e4de fr\u00e5n vattnet till sittbrunnen i sin kategori.<\/p>\n<p>Den effektfulla Sport Edition v\u00e4cker uppseende med sitt svarta och vita skrov med den klarbl\u00e5a accentlinjen. Ytterligare tv\u00e5 bekv\u00e4ma detaljer \u00e4r att det finns en sittbrunnsdusch och en stereo med tv\u00e5 h\u00f6gtalare.<\/p>\n<p>S\u00e4kerhetN\u00e4r det \u00f6ppningsbara ryggst\u00f6det \u00e4r nedf\u00e4llt kan du g\u00e5 direkt fr\u00e5n den breda badplattformen till sittbrunnen. Det \u00e4r ocks\u00e5 l\u00e4tt att komma upp i b\u00e5ten via stegen tack vare de strategiskt placerade handr\u00e4ckena och genom \u00f6ppningen i akterspegeln. De h\u00f6ga friborden och halkfria ytorna inneb\u00e4r ett extra skydd f\u00f6r alla ombord.<\/p>\n<p>KomfortDet finns flera goda sk\u00e4l till att Activ 605 Sundeck fick utn\u00e4mningen b\u00e4sta sold\u00e4ck i sin kategori. Inte minst f\u00f6r att den \u00e4r rymlig och att de bekv\u00e4ma sittplatserna enkelt kan omvandlas till matplats. Den \u00e4r samtidigt bekv\u00e4m att k\u00f6ra, b\u00e5de st\u00e5ende och sittande, tack vare den l\u00e4ttanv\u00e4nda f\u00f6rarplatsen och de justerbara snurrbara, stoppade f\u00f6rars\u00e4tena.<\/p>\n<p>M\u00e5ngsidighetOavsett om du bara \u00e4r ute och n\u00f6jesk\u00f6r eller h\u00e4nger dig \u00e5t vattensporter \u00e4r flexibilitet nyckelordet f\u00f6r Activ 605 Sundeck. Den erbjuder den b\u00e4sta kombinationen mellan sold\u00e4cketsstorlek och kabinkomforten och kan utan problem ta ombord upp till sju personer s\u00e5 att du kan ha kul tillsammans med v\u00e4nnerna.<\/p>\n<p>F\u00f6rvaringDet finns f\u00f6rvaringsutrymmen f\u00f6r vattensportutrustning under akters\u00e4tet. Det finns ocks\u00e5 v\u00e4l tilltagna f\u00f6rvaringsutrymmen i kabinen och ett s\u00e4rskilt utrymme avsett f\u00f6r sittbrunnsbordet.<\/p>\n<p>Sport editionSvart och vitt skrov med klarbl\u00e5 accentlinje, sittbrunnsdusch och stereo med tv\u00e5 h\u00f6gtalare.<\/p>","protected":false},"excerpt":{"rendered":"<h3 class=\"field-label\">Fakta<\/h3>\n<div class=\"field facts\">\n<div class=\"row\">\n<div class=\"col-xs-3\">\n<div class=\"field facts_type\">L\u00e4ngd:<\/div>\n<\/div>\n<div class=\"col-xs-3\">\n<div class=\"field facts_value\">6.12 m.<\/div>\n<\/div>\n<\/div>\n<\/div>\n<div class=\"field facts\">\n<div class=\"row\">\n<div class=\"col-xs-3\">\n<div class=\"field facts_type\">Bredd:<\/div>\n<\/div>\n<div class=\"col-xs-3\">\n<div class=\"field facts_value\">2.40 m.<\/div>\n<\/div>\n<\/div>\n<\/div>\n<div class=\"field facts\">\n<div class=\"row\">\n<div class=\"col-xs-3\">\n<div class=\"field facts_type\">Vikt:<\/div>\n<\/div>\n<div class=\"col-xs-3\">\n<div class=\"field facts_value\">950 kg.<\/div>\n<\/div>\n<\/div>\n<\/div>\n<div class=\"field facts\">\n<div class=\"row\">\n<div class=\"col-xs-3\">\n<div class=\"field facts_type\">Antal pers:<\/div>\n<\/div>\n<div class=\"col-xs-3\">\n<div class=\"field facts_value\">7 st.<\/div>\n<\/div>\n<\/div>\n<\/div>\n<div class=\"field facts\">\n<div class=\"row\">\n<div class=\"col-xs-3\">\n<div class=\"field facts_type\">Max motor:<\/div>\n<\/div>\n<div class=\"col-xs-3\">\n<div class=\"field facts_value\">150 hk.<\/div>\n<\/div>\n<\/div>\n<\/div>\n<div class=\"field facts\">\n<div class=\"row\">\n<div class=\"col-xs-3\">\n<div class=\"field facts_type\">Tillbeh\u00f6r:<\/div>\n<\/div>\n<div class=\"col-xs-3\">\n<div class=\"field facts_value\">Ladda ner prislistan h\u00e4r p\u00e5 sidan.<\/div>\n<\/div>\n<\/div>\n<\/div>","protected":false},"featured_media":2856,"comment_status":"open","ping_status":"closed","template":"","meta":{"site-sidebar-layout":"default","site-content-layout":"default","ast-global-header-display":"","ast-main-header-display":"","ast-hfb-above-header-display":"","ast-hfb-below-header-display":"","ast-hfb-mobile-header-display":"","site-post-title":"","ast-breadcrumbs-content":"","ast-featured-img":"","footer-sml-layout":"","theme-transparent-header-meta":"default","adv-header-id-meta":"","stick-header-meta":"","header-above-stick-meta":"","header-main-stick-meta":"","header-below-stick-meta":""},"product_cat":[37,75],"product_tag":[76],"class_list":["post-3422","product","type-product","status-publish","has-post-thumbnail","hentry","product_cat-quicksilver","product_cat-walkaround","product_tag-walkaround"],"_links":{"self":[{"href":"https:\/\/lerkilsbatvarv.se\/en\/wp-json\/wp\/v2\/product\/3422","targetHints":{"allow":["GET"]}}],"collection":[{"href":"https:\/\/lerkilsbatvarv.se\/en\/wp-json\/wp\/v2\/product"}],"about":[{"href":"https:\/\/lerkilsbatvarv.se\/en\/wp-json\/wp\/v2\/types\/product"}],"replies":[{"embeddable":true,"href":"https:\/\/lerkilsbatvarv.se\/en\/wp-json\/wp\/v2\/comments?post=3422"}],"version-history":[{"count":1,"href":"https:\/\/lerkilsbatvarv.se\/en\/wp-json\/wp\/v2\/product\/3422\/revisions"}],"predecessor-version":[{"id":3423,"href":"https:\/\/lerkilsbatvarv.se\/en\/wp-json\/wp\/v2\/product\/3422\/revisions\/3423"}],"wp:featuredmedia":[{"embeddable":true,"href":"https:\/\/lerkilsbatvarv.se\/en\/wp-json\/wp\/v2\/media\/2856"}],"wp:attachment":[{"href":"https:\/\/lerkilsbatvarv.se\/en\/wp-json\/wp\/v2\/media?parent=3422"}],"wp:term":[{"taxonomy":"product_cat","embeddable":true,"href":"https:\/\/lerkilsbatvarv.se\/en\/wp-json\/wp\/v2\/product_cat?post=3422"},{"taxonomy":"product_tag","embeddable":true,"href":"https:\/\/lerkilsbatvarv.se\/en\/wp-json\/wp\/v2\/product_tag?post=3422"}],"curies":[{"name":"wp","href":"https:\/\/api.w.org\/{rel}","templated":true}]}}

<h2>Quicksilver Activ 605 Sundeck</h2>
<p>Sola med stil</p>
<p>Activ 605 Sundeck lever lätt upp till sitt namn. Åk ut på sjön för en verkligt härlig stund i solen för upp till sju personer. Den erbjuder en perfekt avvägning mellan soldäckets storlek och kabinkomforten eftersom den både har ett rymligt soldäck och bra kabinhöjd. Obehindrad väg från den breda badplattformen via det öppningsbara ryggstödet ger bästa tillträde från vattnet till sittbrunnen i sin kategori.</p>
<p>Den effektfulla Sport Edition väcker uppseende med sitt svarta och vita skrov med den klarblåa accentlinjen. Ytterligare två bekväma detaljer är att det finns en sittbrunnsdusch och en stereo med två högtalare.</p>
<p>SäkerhetNär det öppningsbara ryggstödet är nedfällt kan du gå direkt från den breda badplattformen till sittbrunnen. Det är också lätt att komma upp i båten via stegen tack vare de strategiskt placerade handräckena och genom öppningen i akterspegeln. De höga friborden och halkfria ytorna innebär ett extra skydd för alla ombord.</p>
<p>KomfortDet finns flera goda skäl till att Activ 605 Sundeck fick utnämningen bästa soldäck i sin kategori. Inte minst för att den är rymlig och att de bekväma sittplatserna enkelt kan omvandlas till matplats. Den är samtidigt bekväm att köra, både stående och sittande, tack vare den lättanvända förarplatsen och de justerbara snurrbara, stoppade förarsätena.</p>
<p>MångsidighetOavsett om du bara är ute och nöjeskör eller hänger dig åt vattensporter är flexibilitet nyckelordet för Activ 605 Sundeck. Den erbjuder den bästa kombinationen mellan soldäcketsstorlek och kabinkomforten och kan utan problem ta ombord upp till sju personer så att du kan ha kul tillsammans med vännerna.</p>
<p>FörvaringDet finns förvaringsutrymmen för vattensportutrustning under aktersätet. Det finns också väl tilltagna förvaringsutrymmen i kabinen och ett särskilt utrymme avsett för sittbrunnsbordet.</p>
<p>Sport editionSvart och vitt skrov med klarblå accentlinje, sittbrunnsdusch och stereo med två högtalare.</p>

<h3 class="field-label">Fakta</h3>
<div class="field facts">
<div class="row">
<div class="col-xs-3">
<div class="field facts_type">Längd:</div>
</div>
<div class="col-xs-3">
<div class="field facts_value">6.12 m.</div>
</div>
</div>
</div>
<div class="field facts">
<div class="row">
<div class="col-xs-3">
<div class="field facts_type">Bredd:</div>
</div>
<div class="col-xs-3">
<div class="field facts_value">2.40 m.</div>
</div>
</div>
</div>
<div class="field facts">
<div class="row">
<div class="col-xs-3">
<div class="field facts_type">Vikt:</div>
</div>
<div class="col-xs-3">
<div class="field facts_value">950 kg.</div>
</div>
</div>
</div>
<div class="field facts">
<div class="row">
<div class="col-xs-3">
<div class="field facts_type">Antal pers:</div>
</div>
<div class="col-xs-3">
<div class="field facts_value">7 st.</div>
</div>
</div>
</div>
<div class="field facts">
<div class="row">
<div class="col-xs-3">
<div class="field facts_type">Max motor:</div>
</div>
<div class="col-xs-3">
<div class="field facts_value">150 hk.</div>
</div>
</div>
</div>
<div class="field facts">
<div class="row">
<div class="col-xs-3">
<div class="field facts_type">Tillbehör:</div>
</div>
<div class="col-xs-3">
<div class="field facts_value">Ladda ner prislistan här på sidan.</div>
</div>
</div>
</div>
